{"id":14331,"date":"2024-02-01T13:11:30","date_gmt":"2024-02-01T12:11:30","guid":{"rendered":"https:\/\/www.lillys-eiscafe.de\/?page_id=14331"},"modified":"2024-02-02T11:47:08","modified_gmt":"2024-02-02T10:47:08","slug":"lillys-eiscafe_neu","status":"publish","type":"page","link":"https:\/\/www.lillys-eiscafe.de\/","title":{"rendered":"Lillys Eiscaf\u00e9 \/ Impressum"},"content":{"rendered":"<div class=\"wpb-content-wrapper\"><p>[vc_row full_width=&#8220;stretch_row_content&#8220; bg_type=&#8220;bg_color&#8220; bg_override=&#8220;full&#8220; animation=&#8220;fadeIn&#8220; anchor=&#8220;impressum&#8220; bg_color_value=&#8220;#cfab9d&#8220; min_height=&#8220;75%&#8220; css=&#8220;.vc_custom_1706791172948{margin-top: 0px !important;margin-right: 0px !important;margin-bottom: 0px !important;margin-left: 0px !important;padding-top: 100px !important;padding-bottom: 100px !important;}&#8220;][vc_column][vc_row_inner css=&#8220;.vc_custom_1706789425521{margin-top: 0px !important;margin-right: 0px !important;margin-bottom: 0px !important;margin-left: 0px !important;}&#8220;][vc_column_inner width=&#8220;1\/4&#8243;][\/vc_column_inner][vc_column_inner width=&#8220;1\/4&#8243;][vc_column_text css_animation=&#8220;fadeIn&#8220; css=&#8220;.vc_custom_1465809923991{padding-top: 20px !important;padding-right: 20px !important;padding-bottom: 20px !important;padding-left: 20px !important;}&#8220;]<\/p>\n<h1 style=\"text-align: right; letter-spacing: 0.15em; font-color: #6e3e30;\">RECHTLICHER HINWEIS<\/h1>\n<p style=\"text-align: right;\">Der Inhalt der Webseite ist urheberrechtlich gesch\u00fctzt. Die Vervielf\u00e4ltigung von Informationen oder Daten, insbesondere die Verwendung von Texten, Textteilen oder Bildmaterial bedarf der schriftlichen Zustimmung.<\/p>\n<p>&nbsp;<\/p>\n<h1 style=\"text-align: right; letter-spacing: 0.15em;\">HAFTUNGS-<br \/>\nAUSSCHLUSS<\/h1>\n<p style=\"text-align: right;\">Trotz sorgf\u00e4ltiger Kontrolle \u00fcbernehmen wir keine Haftung f\u00fcr die Inhalte externer Links. F\u00fcr den Inhalt der verlinkten Seiten sind ausschlie\u00dflich deren Betreiber verantwortlich.<\/p>\n<p>[\/vc_column_text][\/vc_column_inner][vc_column_inner width=&#8220;1\/4&#8243;][vc_column_text css_animation=&#8220;fadeIn&#8220; css=&#8220;.vc_custom_1706870824472{padding-top: 20px !important;padding-right: 20px !important;padding-bottom: 20px !important;padding-left: 20px !important;}&#8220;]<\/p>\n<h1 style=\"text-align: right; letter-spacing: 0.15em; font-color: #6e3e30;\">IMPRESSUM<\/h1>\n<p style=\"text-align: right;\">Lilly&#8217;s Eiscaf\u00e9<br \/>\nKrefelder Stra\u00dfe 97<br \/>\n47226 Duisburg<\/p>\n<p>&nbsp;<\/p>\n<p style=\"text-align: right;\">Liliana Domke<br \/>\nGesch\u00e4ftsf\u00fchrerin<\/p>\n<p>&nbsp;<\/p>\n<p style=\"text-align: right;\">Telefon 02065.75606<br \/>\n<a href=\"mailto:info@lillys-eiscafe.de\"> info@lillys-eiscafe.de<\/a><br \/>\n<a href=\"http:\/\/www.lillys-eiscafe.de\"> www.lillys-eiscafe.de<br \/>\n<\/a><a href=\"http:\/\/www.facebook.com\/LillysEiscafe\/\">www.facebook.com\/LillysEiscafe\/<\/a><\/p>\n<p>&nbsp;<\/p>\n<p style=\"text-align: right;\">USt.-IdNr.:<br \/>\n<span class=\"Apple-style-span\" style=\"font-family: Arial;\">DE275508473<\/span><\/p>\n<p>&nbsp;<\/p>\n<p style=\"text-align: right;\"><a href=\"https:\/\/www.lillys-eiscafe.de\/index.php\/datenschutz\/\">Datenschutzerkl\u00e4rung<\/a><\/p>\n<p>[\/vc_column_text][\/vc_column_inner][vc_column_inner width=&#8220;1\/4&#8243; offset=&#8220;vc_hidden-md vc_hidden-sm vc_hidden-xs&#8220;][\/vc_column_inner][\/vc_row_inner][\/vc_column][\/vc_row]<\/p>\n<\/div>","protected":false},"excerpt":{"rendered":"<p>[vc_row full_width=&#8220;stretch_row_content&#8220; bg_type=&#8220;bg_color&#8220; bg_override=&#8220;full&#8220; animation=&#8220;fadeIn&#8220; anchor=&#8220;impressum&#8220; bg_color_value=&#8220;#cfab9d&#8220; min_height=&#8220;75%&#8220; css=&#8220;.vc_custom_1706791172948{margin-top: 0px !important;margin-right: 0px !important;margin-bottom: 0px !important;margin-left: 0px !important;padding-top: 100px !important;padding-bottom: 100px !important;}&#8220;][vc_column][vc_row_inner css=&#8220;.vc_custom_1706789425521{margin-top: 0px !important;margin-right: 0px !important;margin-bottom: 0px !important;margin-left: 0px !important;}&#8220;][vc_column_inner width=&#8220;1\/4&#8243;][\/vc_column_inner][vc_column_inner width=&#8220;1\/4&#8243;][vc_column_text css_animation=&#8220;fadeIn&#8220; css=&#8220;.vc_custom_1465809923991{padding-top: 20px !important;padding-right: 20px !important;padding-bottom: 20px !important;padding-left: 20px !important;}&#8220;] RECHTLICHER HINWEIS Der Inhalt der Webseite ist urheberrechtlich gesch\u00fctzt. Die Vervielf\u00e4ltigung von Informationen&hellip;<\/p>\n","protected":false},"author":1,"featured_media":0,"parent":0,"menu_order":1,"comment_status":"closed","ping_status":"closed","template":"","meta":{"footnotes":""},"class_list":["post-14331","page","type-page","status-publish","hentry","description-off"],"_links":{"self":[{"href":"https:\/\/www.lillys-eiscafe.de\/index.php\/wp-json\/wp\/v2\/pages\/14331","targetHints":{"allow":["GET"]}}],"collection":[{"href":"https:\/\/www.lillys-eiscafe.de\/index.php\/wp-json\/wp\/v2\/pages"}],"about":[{"href":"https:\/\/www.lillys-eiscafe.de\/index.php\/wp-json\/wp\/v2\/types\/page"}],"author":[{"embeddable":true,"href":"https:\/\/www.lillys-eiscafe.de\/index.php\/wp-json\/wp\/v2\/users\/1"}],"replies":[{"embeddable":true,"href":"https:\/\/www.lillys-eiscafe.de\/index.php\/wp-json\/wp\/v2\/comments?post=14331"}],"version-history":[{"count":11,"href":"https:\/\/www.lillys-eiscafe.de\/index.php\/wp-json\/wp\/v2\/pages\/14331\/revisions"}],"predecessor-version":[{"id":14363,"href":"https:\/\/www.lillys-eiscafe.de\/index.php\/wp-json\/wp\/v2\/pages\/14331\/revisions\/14363"}],"wp:attachment":[{"href":"https:\/\/www.lillys-eiscafe.de\/index.php\/wp-json\/wp\/v2\/media?parent=14331"}],"curies":[{"name":"wp","href":"https:\/\/api.w.org\/{rel}","templated":true}]}}